 what is -2 + -110?
-112
In base 15, what is 80 - b?
74
In base 16, what is -ed - -6?
-e7
In base 14, what is 67 - -9?
72
In base 16, what is -59da - -5?
-59d5
In base 6, what is -1 + -34?
-35
In base 5, what is -4130 - -34?
-4041
In base 16, what is -7 - -2f?
28
In base 3, what is 12 - -10211?
11000
In base 5, what is -130 - -104?
-21
In base 16, what is 726 - -1?
727
In base 14, what is cb + -2?
c9
In base 15, what is 4 + 101?
105
In base 2, what is 100110011 - -11?
100110110
In base 16, what is 18 + 257?
26f
In base 8, what is 4 + -407?
-403
In base 7, what is -115 - -2?
-113
In base 5, what is 41314 + 4?
41323
In base 7, what is -20216 + -2?
-20221
In base 16, what is -17 + 2?
-15
In base 14, what is 4 - 1609?
-1605
In base 7, what is -335 - 23?
-361
In base 2, what is -101001 + -100110?
-1001111
In base 15, what is 2 - -7c?
7e
In base 8, what is 305 - 0?
305
In base 14, what is 27cb - 0?
27cb
In base 11, what is 90 + 3?
93
In base 5, what is 1012430 + -1?
1012424
In base 16, what is -90 - 11?
-a1
In base 3, what is 122100 - -12?
122112
In base 4, what is 12 - -311?
323
In base 3, what is 101122 - 0?
101122
In base 11, what is 4566 - -2?
4568
In base 11, what is -31 - 10?
-41
In base 9, what is -123 - 18?
-142
In base 14, what is -d + -2?
-11
In base 5, what is -10 - -30044?
30034
In base 12, what is -147 - -b?
-138
In base 14, what is -8 + 148?
140
In base 11, what is -2 + 110?
109
In base 15, what is 1 - -2a?
2b
In base 12, what is -3a6 - 3?
-3a9
In base 6, what is -11441 + 0?
-11441
In base 7, what is -3 - 10131?
-10134
In base 16, what is -3c + -3?
-3f
In base 12, what is -45 + 4?
-41
In base 3, what is -10 + -1002001?
-1002011
In base 10, what is 2 - -9201?
9203
In base 14, what is -4 - 43?
-47
In base 7, what is -355 + 26?
-326
In base 3, what is -2 - -1110?
1101
In base 11, what is 50 - -3?
53
In base 14, what is 2 + -3c?
-3a
In base 9, what is -3 + -4123?
-4126
In base 10, what is 0 + 652?
652
In base 15, what is 3 + 7e?
82
In base 6, what is 2 + 151?
153
In base 7, what is 4 + -13?
-6
In base 10, what is 3851 + -2?
3849
In base 9, what is 78 - 26?
52
In base 10, what is -1138 + 2?
-1136
In base 16, what is 76c4 - 2?
76c2
In base 8, what is -703 + -2?
-705
In base 5, what is -14 + 302?
233
In base 5, what is -33403 - 1?
-33404
In base 16, what is 11 - -3e?
4f
In base 5, what is 14 - -40?
104
In base 3, what is 2102000 + -10?
2101220
In base 8, what is 101 + 7?
110
In base 16, what is -16 - 1d?
-33
In base 12, what is 2 - -20?
22
In base 8, what is -1 + -15?
-16
In base 11, what is -3 - 32?
-35
In base 5, what is -3320 - 2?
-3322
In base 9, what is -4 + -16?
-21
In base 4, what is 1132233 - 1?
1132232
In base 6, what is 5 - 12?
-3
In base 2, what is -110100010111 + -111?
-110100011110
In base 4, what is 1 + -102?
-101
In base 14, what is 10 - -26?
36
In base 14, what is -a8 - -6d?
-39
In base 10, what is -293 - 0?
-293
In base 13, what is -6 + 245?
23c
In base 16, what is -4 + 165?
161
In base 7, what is -3 - -243?
240
In base 4, what is 20 + 321011?
321031
In base 12, what is 2b - 41?
-12
In base 2, what is -101 + -111000001?
-111000110
In base 16, what is -c98 - 4?
-c9c
In base 16, what is 10 - -31?
41
In base 16, what is 52 + 1?
53
In base 7, what is -101 - -401?
300
In base 4, what is -11313 - 22?
-12001
In base 16, what is 4 - -24?
28
In base 2, what is -111101 + -101?
-1000010
In base 6, what is 5 + 32303?
32312
In base 12, what is -522 + 4?
-51a
In base 3, what is 10 + -22211020?
-22211010
In base 2, what is 110110 + -1101?
101001
In base 14, what is 10 + d?
1d
In base 14, what is -b6 - 5?
-bb
In base 7, what is -5 + 626?
621
In base 2, what is 10 - 10001010?
-10001000
In base 5, what is 100212 - -4?
100221
In base 13, what is -188b - -2?
-1889
In base 6, what is 111 - 5?
102
In base 7, what is 2 - -53?
55
In base 5, what is -24034 + 3?
-24031
In base 11, what is -7 - -78?
71
In base 13, what is 4 + -2469?
-2465
In base 8, what is -4 + 47?
43
In base 7, what is -4 - 5054?
-5061
In base 13, what is -81 - 6a?
-11b
In base 5, what is -320 + -4?
-324
In base 14, what is -521 - 2?
-523
In base 4, what is -1321 + -3010?
-10331
In base 15, what is 2 + -6c0?
-6bd
In base 8, what is 5 + 75?
102
In base 2, what is 1100110000 - 0?
1100110000
In base 4, what is 20 - 30?
-10
In base 15, what is 2 - 50?
-4d
In base 13, what is -79 + 2?
-77
In base 3, what is 12010202 + 2?
12010211
In base 8, what is -5 - 1053?
-1060
In base 5, what is 20140 + -4?
20131
In base 13, what is 2 - -19?
1b
In base 13, what is 1c + 7?
26
In base 9, what is -28 + -4?
-33
In base 3, what is 2 - -20222010?
20222012
In base 15, what is 7 - 28?
-21
In base 15, what is -8 + 12?
9
In base 12, what is a + 8?
16
In base 6, what is 151 - 5?
142
In base 8, what is -3 + 44?
41
In base 14, what is 2 - -2c?
30
In base 2, what is 100000010 + 0?
100000010
In base 3, what is 1001 - -2?
1010
In base 5, what is 0 + -41?
-41
In base 16, what is 95 - -2?
97
In base 11, what is -11 - -5?
-7
In base 2, what is 1001100 - -10?
1001110
In base 5, what is 14422 - 3?
14414
In base 12, what is a4b - -3?
a52
In base 8, what is -12 + 30?
16
In base 6, what is -1 + 1445?
1444
In base 8, what is -43 + 240?
175
In base 5, what is 114 - -142?
311
In base 16, what is d9 - -2?
db
In base 13, what is 5 + 3c?
44
In base 9, what is 832 + 3?
835
In base 16, what is 5 - d8?
-d3
In base 13, what is 47 + 1?
48
In base 16, what is -27 + 6?
-21
In base 5, what is -21334 + 4?
-21330
In base 2, what is 11110 + 110?
100100
In base 3, what is -1000 + -1122?
-2122
In base 16, what is 7 - -55?
5c
In base 10, what is -1486 + -4?
-1490
In base 14, what is 4 + -31?
-2b
In base 12, what is -2 - 6ab?
-6b1
In base 12, what is -7ab + 10?
-79b
In base 12, what is 4b7 + -5?
4b2
In base 15, what is e4 + -3?
e1
In base 12, what is 298 + -1?
297
In base 6, what is 5043 + 1?
5044
In base 2, what is 0 - -1110111?
1110111
In base 12, what is -262 + -4?
-266
In base 3, what is 1110 + 11?
1121
In base 11, what is -4 - -2464?
2460
In base 3, what is -20 + -20122?
-20212
In base 6, what is 5 - 23?
-14
In base 5, what is 23 + -21?
2
In base 3, what is -20020 + 1?
-20012
In base 14, what is -4 + 16c7?
16c3
In base 4, what is 1 + -220130?
-220123
In base 13, what is -197 - 1?
-198
In base 3, what is 22022 + 121?
22220
In base 6, what is -2 - -320?
314
In base 4, what is 1100 - 210?
230
In base 3, what is 2202 + -22?
2110
In base 11, what is 300 + -4?
2a7
In base 4, what is -2 - -112320?
112312
In base 15, what is -8c - 4?
-91
In base 15, what is e - -2?
11
In base 13, what is -4 + -2c?
-33
In base 6, what is 13 - -1343?
1400
In base 3, what is 11001202 + -2?
11001200
In base 14, what is 4 - -8ba?
8c0
In base 11, what is -4942 + 2?
-4940
In base 15, what is -2d0 - -28?
-2a7
In base 12, what is 7 + -4?
3
In base 7, what is 6 - 200?
-161
In base 8, what is -25 + 6?
-17
In base 15, what is b - 161?
-155
In base 2, what is -1100010 + 110?
-1011100
In base 7, what is 0 + 642?
642
In base 11, what is -580 - -3?
-578
In base 9, what is -12 - 266?
-278
In base 7, what is -4 + -4640?
-4644
In base 10, what is 88 - -1?
89
In base 13, what is 11 - a?
4
In base 7, what is 344 - 2?
342
In base 4, what is -2 + -231?
-233
In base 15, what is -3 + -318?
-31b
In base 11, what is -a6 - -61?
-45
In base 16, what is 0 - -c4c?
c4c
In base 10, what is -2 - -218?
216
In base 9, what is -5 - 241?
-246
In base 9, what is -8 + -5?
-14
In base 7, what is -2 + -110?
-112
In base 11, what is -127 - 3?
-12a
In base 10, what is -24 + -1?
-25
In base 11, what is -4 - 28?
-31
In base 14, what is 38 + 3b?
75
In base 2, what is -1100000 - -10001?
-1001111
In base 3, what is 10 + -10111000?
-10110220
In base 10, what is 17 + 186?
203
In base 9, what is -14 + -273?
-287
In base 9, what is 8 + -36?
-27
In base 5, what is -3 - 12?
-20
In base 12, what is -1 - -77?
76
In base 6, what is 1031 + -1?
1030
In base 2, what is 101 + -100010001?
-100001100
In base 9, what is -4 - -47?
43
In base 16, what is -5 + 2a?
25
In base 4, what is 11 - -202020?
202031
In base 9, what is 1182 - -5?
1187
In base 14, what is -1 + 868?
867
In base 7, what is -43624 + 1?
-43623
In base 6, what is -421 - -11?
-410
In base 8, what is 41 - -30?
71
In base 5, what is -4 + 400?
341
In base 13, wha